
Does 20 divide 1846929860?
True
Is 104077995 a multiple of 15?
True
Is 20 a factor of 471265000?
True
Does 19 divide 3300585?
True
Is 177 a factor of 65864611?
False
Is 110178292 a multiple of 28?
True
Does 244 divide 211746097?
False
Is 367 a factor of 184647557?
False
Is 41257101 a multiple of 121?
False
Is 342347942 a multiple of 4402?
True
Does 19 divide 719669787?
False
Does 14 divide 964680834?
False
Is 1551 a factor of 104772889?
False
Is 1951709744 a multiple of 9788?
False
Does 206 divide 501754253?
False
Does 185 divide 8475895?
False
Is 808 a factor of 3518840?
True
Is 432008640 a multiple of 3780?
True
Does 2782 divide 337314718?
True
Is 344 a factor of 46910592?
True
Is 1626643 a multiple of 2?
False
Does 20 divide 358246980?
True
Does 15 divide 2973371?
False
Does 488 divide 18345439?
False
Is 69198160 a multiple of 680?
True
Does 4592 divide 706484079?
False
Is 427386675 a multiple of 43?
True
Is 413 a factor of 136656785?
False
Does 15 divide 2250128090?
False
Is 10 a factor of 143209740?
True
Does 1494 divide 936626630?
False
Is 622 a factor of 127062160?
True
Does 20 divide 49328128?
False
Is 69596658 a multiple of 23?
False
Is 21 a factor of 210487625?
False
Is 126 a factor of 199759644?
True
Does 5 divide 7784559?
False
Is 12 a factor of 20482860?
True
Does 89 divide 884714646?
True
Is 146901495 a multiple of 39?
True
Is 140 a factor of 139310920?
True
Does 46 divide 3617808?
True
Is 95 a factor of 21041835?
True
Is 836 a factor of 159045346?
False
Is 348 a factor of 47155044?
True
Does 57 divide 221392275?
True
Does 1520 divide 1149784240?
True
Is 5 a factor of 67326690?
True
Is 159815260 a multiple of 5?
True
Is 19 a factor of 2818398?
False
Does 367 divide 80845614?
False
Does 42 divide 276226296?
False
Is 664 a factor of 87118371?
False
Is 118195110 a multiple of 198?
True
Is 116698723 a multiple of 85?
False
Is 33 a factor of 94189544?
False
Does 7 divide 52597736?
False
Is 4547 a factor of 597644039?
True
Is 681811200 a multiple of 1050?
True
Does 12 divide 2087802944?
False
Is 21633695 a multiple of 3?
False
Does 139 divide 2505544083?
True
Does 1966 divide 17264216?
False
Does 92 divide 16328211?
False
Is 16 a factor of 61847248?
True
Is 63 a factor of 146139399?
True
Is 17454036 a multiple of 64?
False
Does 188 divide 59772853?
False
Does 1413 divide 431323902?
True
Does 37 divide 233837347?
False
Is 40 a factor of 271899720?
True
Does 2072 divide 3983509096?
True
Is 27 a factor of 2101644904?
False
Is 3749535 a multiple of 291?
True
Is 21 a factor of 91849347?
False
Does 1649 divide 766743?
False
Does 76 divide 4905876?
True
Is 327 a factor of 22688360?
False
Does 25 divide 756359?
False
Does 27 divide 105427089?
True
Is 1212 a factor of 31989528?
True
Does 4 divide 6842036?
True
Is 590911153 a multiple of 1379?
True
Does 14 divide 35431396?
True
Is 3966919 a multiple of 231?
False
Is 288 a factor of 387841778?
False
Is 124207341 a multiple of 4107?
False
Is 158 a factor of 10862816?
True
Does 20 divide 20454746?
False
Is 64 a factor of 120966208?
True
Does 7374 divide 844849117?
False
Is 3443 a factor of 161215032?
True
Is 159703849 a multiple of 43?
True
Is 35673503 a multiple of 14?
False
Is 47 a factor of 4210144?
False
Is 55762056 a multiple of 332?
True
Is 28 a factor of 336036148?
True
Is 595090868 a multiple of 2806?
True
Is 7750759 a multiple of 7?
False
Is 63772192 a multiple of 23?
True
Is 40 a factor of 530947447?
False
Is 788054640 a multiple of 38?
True
Does 1096 divide 340623790?
False
Does 66 divide 904911282?
True
Is 578 a factor of 3850588604?
True
Does 45 divide 56699955?
True
Does 26 divide 342209534?
False
Is 71 a factor of 1804323?
True
Is 331 a factor of 137578495?
True
Is 23243479 a multiple of 5?
False
Does 39 divide 4220643219?
True
Is 36 a factor of 40341071?
False
Is 43 a factor of 3571046542?
True
Is 8562006 a multiple of 6?
True
Is 368740570 a multiple of 110?
True
Is 60008631 a multiple of 1055?
False
Is 291 a factor of 1129977735?
True
Is 2650449495 a multiple of 5?
True
Does 766 divide 130503666?
False
Is 200777438 a multiple of 1483?
True
Is 2157670140 a multiple of 60?
True
Is 302 a factor of 182116268?
True
Is 2784 a factor of 297391421?
False
Is 99337113 a multiple of 31?
True
Is 254 a factor of 4641527?
False
Is 226942732 a multiple of 108?
False
Does 124 divide 9643980?
False
Does 304 divide 41423040?
True
Is 8224434 a multiple of 6?
True
Is 50996692 a multiple of 1948?
True
Does 305 divide 60678075?
False
Does 95 divide 1830194950?
True
Is 3 a factor of 1870742940?
True
Does 585 divide 648531026?
False
Does 15 divide 3075673?
False
Does 2455 divide 771995903?
False
Is 330 a factor of 3235651320?
True
Is 291 a factor of 35888943?
False
Is 8952835 a multiple of 2?
False
Is 188 a factor of 122978205?
False
Does 39 divide 1280017128?
True
Is 1146789196 a multiple of 212?
True
Does 8 divide 1564245032?
True
Does 349 divide 186498170?
False
Is 2513 a factor of 4794281945?
False
Is 422 a factor of 199944866?
True
Does 10 divide 57116788?
False
Does 5 divide 819463946?
False
Is 13 a factor of 65446700?
False
Is 339 a factor of 51779877?
True
Is 88 a factor of 53506200?
True
Is 42 a factor of 2209662?
True
Is 1483 a factor of 67901911?
False
Does 1399 divide 19755446?
False
Does 11335 divide 1816830475?
True
Is 23456665 a multiple of 552?
False
Does 1791 divide 1678952955?
False
Is 116622888 a multiple of 12?
True
Does 1219 divide 72757726?
False
Does 10280 divide 2247444440?
True
Is 344440608 a multiple of 791?
False
Is 67016730 a multiple of 3?
True
Is 166559726 a multiple of 7?
False
Is 569494211 a multiple of 11?
True
Is 683391240 a multiple of 1710?
True
Is 50 a factor of 858456?
False
Is 16 a factor of 1439432643?
False
Does 22 divide 838540016?
False
Is 152592480 a multiple of 72?
True
Is 226 a factor of 397118612?
True
Does 337 divide 1674594166?
False
Is 68192404 a multiple of 400?
False
Is 95222624 a multiple of 37?
False
Is 25 a factor of 38886200?
True
Does 4 divide 2192560?
True
Is 3339754 a multiple of 23?
False
Is 33556373 a multiple of 918?
False
Is 122471711 a multiple of 1079?
False
Is 32005113 a multiple of 21?
True
Does 127 divide 3419458?
False
Does 118 divide 6170338?
True
Does 68 divide 7590603?
False
Does 551 divide 3334372092?
True
Does 66 divide 17070429?
False
Is 1387270 a multiple of 8?
False
Is 49 a factor of 5878089?
True
Does 1271 divide 320563001?
False
Is 169263280 a multiple of 62?
False
Is 45 a factor of 46961370?
True
Is 145754925 a multiple of 25?
True
Is 8 a factor of 3593397544?
True
Is 15 a factor of 45144045?
True
Does 5128 divide 348324528?
True
Is 627975000 a multiple of 3093?
False
Does 22 divide 570820?
False
Does 1344 divide 23418722?
False
Is 2 a factor of 16988033?
False
Does 1025 divide 2261144568?
False
Is 69 a factor of 2596859988?
True
Is 251368732 a multiple of 17?
True
Is 571828354 a multiple of 3349?
True
Is 39731209 a multiple of 2297?
True
Does 10 divide 4725437?
False
Is 299 a factor of 137223561?
False
Is 357 a factor of 30206127?
True
Is 1046001110 a multiple of 2527?
True
Is 19 a factor of 36581385?
False
Is 118878838 a multiple of 144?
False
Does 432 divide 59942160?
True
Is 2 a factor of 4231006?
True
Does 6 divide 13645658?
False
Is 6 a factor of 53118126?
True
Is 52 a factor of 1675738578?
False
Is 430 a factor of 365386050?
True
Is 598470673 a multiple of 3?
False
Is 1028 a factor of 991090637?
False
Is 360279096 a multiple of 28?
False
Does 2423 divide 680667743?
False
Is 11875176 a multiple of 568?
True
Does 3931 divide 100681581?
False
Does 403 divide 85467434?
True
Does 6 divide 48275294?
False
Is 9 a factor of 496434152?
False
Is 6170253 a multiple of 127?
False
Is 5004294 a multiple of 23?
True
Is 208 a factor of 154453728?
True
Is 19911117 a multiple of 294?
False
Does 10 divide 546728420?
True
Is 76 a factor of 387380255?
False
Does 117 divide 586404?
True
Is 2701171 a multiple of 39?
False
Is 689 a factor of 631369990?
False
Is 67 a factor of 30990708?
False
Is 43424655 a multiple of 153?
False
Is 730 a factor of 169500685?
False
Is 260 a factor of 3382147?
False
Is 101378115 a multiple of 19?
False
Is 4256 a factor of 537110587?
False
Does 41 divide 9851521?
True
Does 8 divide 474053968?
True
Is 110 a f